5
Let w(h) = h**2 - 4*h. Let o(k) = -135*k**2 + 6*k - 5. Let d(q) = -o(q) - 3*w(q). Let r(c) = -c - 9. Let f be r(-8). What are the prime factors of d(f)?
131
Suppose 0*r - 3*r = 11*r - 50792. What are the prime factors of r?
2, 907
Let v be (19 - 14)/(2/(-12)*-3). List the prime factors of v/(-2 - 0) - 126/(-3).
37
Let b = -3901 + 8299. List the prime factors of b.
2, 3, 733
List the prime factors of 219382/10 + (-4)/(-5).
3, 71, 103
Let w(j) = 15*j - 7. Let f be w(10). Let n = f + -127. Suppose -464 + n = -7*u. List the prime factors of u.
2
Let v(i) = -4*i**3 + 2*i**2 - i - 2. Let t be v(-1). Suppose -3*s = -t*b + 3717, -3*s + 245 = -b + 998. Let a = b - 499. List the prime factors of a.
2, 11
Let q = 8681 + -1212. List the prime factors of q.
7, 11, 97
Suppose -j = -5*x - 2, -2*x + 3*j = 6 - 0. Suppose -3*a - 10 + 19 = x. Suppose a*k - 86 = 76. What are the prime factors of k?
2, 3
Let y(j) = -2*j**3 + 34*j**2 - 14*j + 22. Let i be y(16). Suppose 4*h - i = 4*k - 1654, -3*h = 12. What are the prime factors of k?
2, 83
Let u = 3390 - 1799. What are the prime factors of u?
37, 43
Suppose 5299*b + 39882 = 5305*b. List the prime factors of b.
17, 23
Let y be -1 - (-2)/(2/7). Let n be y - (5 + 0 - 3). Let s(l) = 4*l**2 + 3*l + 2. List the prime factors of s(n).
2, 3, 13
Suppose -14*a + 12*a = 0. Suppose a = -10*r + 5*r - 2*f + 1173, 231 = r + 4*f. What are the prime factors of r?
5, 47
Let u(g) = -2*g**2 + 13*g + 14. Suppose -5*l + 0*b = -5*b - 10, -24 = -2*l - 2*b. Let v be u(l). Suppose -v*i + 0*i + 210 = 0. What are the prime factors of i?
2, 3, 5
Let b(o) = 7*o**3 + 9*o**2 - 20*o + 91. List the prime factors of b(6).
13, 139
Let z(n) = 2*n + 118. Let x be z(-20). Let o = -15 - -59. Let m = x - o. List the prime factors of m.
2, 17
Suppose -11*c + 59 + 18 = 0. Suppose 9*v = c*v + 376. List the prime factors of v.
2, 47
Let x(q) = -5*q**3 - 183*q**2 + 98*q - 52. What are the prime factors of x(-38)?
2, 1583
Let s(x) = 54*x**2 - 88*x - 336. List the prime factors of s(-4).
2, 5, 11
Suppose -2*p + 5 = 7. Let y(t) = -10*t + 8. Let g be y(p). Let n = 38 + g. What are the prime factors of n?
2, 7
Let f be 3 + -2 + -3 - -4. Suppose 7*k + 609 = -4*c + f*k, 0 = -4*c - k - 589. Let o = 210 + c. List the prime factors of o.
2
Let b(v) be the first derivative of -v**4/4 + 7*v**3 - 59*v**2/2 - 8*v + 20. Let d be 3*8/(-72) + (-104)/(-6). What are the prime factors of b(d)?
5, 29
Let s be (-35)/(-49) + 4/14. Let o be s*(1*(3 + -5) - -5). Suppose -49 - 131 = -o*b. What are the prime factors of b?
2, 3, 5
Suppose 2*d - 10 = 0, -2*a + 5*d - 23 + 8 = 0. Suppose 0 = a*w - 2792 + 1027. What are the prime factors of w?
353
Let g be (-2)/3*135/(90/10). List the prime factors of 40/(-100) + (-7334)/g.
733
Suppose -256 = 12*h + 272. Let n be (-5 - h/8)*32. List the prime factors of 439/9 - n/(-72).
7
Suppose -23233 = -13*r + 59460. What are the prime factors of r?
6361
Let o(j) = -2*j**2 - 215*j + 11. What are the prime factors of o(-77)?
2, 11, 107
Let p(t) = 428*t**2 - 54*t + 327. What are the prime factors of p(5)?
31, 347
Let d(m) = -m**2 + 9*m - 13. Let y be d(6). Suppose -b - 4 = -2*k, -5*k + 1 = -y*b + 6. List the prime factors of (-250)/15*b/(-4).
5
Suppose -28 = 4*b - 8. Let o be 3/(b/(-60)*9). What are the prime factors of (1/2)/(o/1144)?
11, 13
Let h be (-32)/(-24)*(2 - -10)*1. Suppose -n + 544 = 4*p - 0*n, 0 = 4*n - h. Suppose k + 4*k - p = 0. List the prime factors of k.
3
Let j = 3231 + 1669. List the prime factors of j.
2, 5, 7
Let s be (45/20 + -6)*(-9824)/(-12). Let o = -1440 - s. List the prime factors of o.
2, 5, 163
Let k = 30 - -5. Suppose -4*t + k = 3. What are the prime factors of (-4 - (-28)/t)*-180?
2, 3, 5
Let w = -408 - -414. Let h(r) = 221*r + 192. What are the prime factors of h(w)?
2, 3, 11, 23
Suppose 327*u + 339*u - 682*u + 1087728 = 0. What are the prime factors of u?
3, 17, 31, 43
Suppose -17239 - 47859 = -4*u + 45714. What are the prime factors of u?
13, 2131
Suppose -3*i - 2*z = -35 - 156, -2*z + 69 = i. Let f = i + -58. Suppose f*p - 4*j - 484 = 163, -4*j - 229 = -p. What are the prime factors of p?
11, 19
What are the prime factors of (-2)/(2/3) + 7423 + 304/16?
43, 173
Let x = -109 + 31. Let h = x + 238. List the prime factors of h.
2, 5
Let o(b) = 36*b**3 + 5*b + 6. Let p be o(3). Suppose p = 17*d - 469. List the prime factors of d.
2, 43
Let k = 174 + -208. Let g = 460 + k. What are the prime factors of g?
2, 3, 71
Suppose 0 = -25*r + 4*r + 189. List the prime factors of (r*5/(-15))/(1/(-315)).
3, 5, 7
Let g be 21 + -20 - (0 - 79). What are the prime factors of (g - -7)*132/9?
2, 11, 29
Let l be 2/(-1 - -3)*5. Suppose -l*n = -s + 633 - 2477, 2*n = 3*s + 748. List the prime factors of n.
2, 23
Let b be (1*-1)/((-2)/302). Let m(g) = -10*g + 165. Let w be m(12). Suppose -7*o = -w - b. What are the prime factors of o?
2, 7
Suppose -60793 - 891 = -18*v + 362. List the prime factors of v.
3, 383
List the prime factors of ((-366)/(-244))/((-6)/(-19916)).
13, 383
Let w(q) = 11*q**2 - 2*q - 4. Suppose -38*d = -36*d. Suppose 0*s + 2*s + 3*l - 20 = 0, 3*s - 3*l = d. What are the prime factors of w(s)?
2, 41
Let n(q) = -q**3 + 6*q**2 + 22*q - 19. Let o = -174 + 182. List the prime factors of n(o).
29
Let v(m) = -m**3 - 13*m**2 - 5*m + 32. Let o be v(-23). Suppose o = 8*n - 331. List the prime factors of n.
7, 103
Let f be 2635/2 + 13/((-52)/6). Suppose c + 1487 - 165 = 5*w, 5*w - f = 3*c. List the prime factors of w.
5, 53
Let p(l) = 4 + 59*l**3 - 592*l**3 - l + 0 - 6. What are the prime factors of p(-1)?
2, 7, 19
Let c be 2/11 + (-1976)/(-22). Suppose -10*f - 110 = 90. Let w = c - f. What are the prime factors of w?
2, 5, 11
Let w(h) = -3*h - 25. Suppose -5*m + 155 = -5*b, 3*b = 5*m - 199 + 36. Let l be -8*m/(-14)*2/(-4). List the prime factors of w(l).
5
What are the prime factors of -2*(5 + 53265/(-10))?
29, 367
Let o(k) = 98*k + 115. Let g be o(0). Suppose 3 = -f + 6. Suppose g + 29 = f*m. What are the prime factors of m?
2, 3
Suppose -3*x + 58319 = -c - 54097, 0 = -4*x + 6*c + 149860. What are the prime factors of x?
2, 41, 457
Let o(r) = 4*r - 23. Let k be o(7). Let g be (-5 + 31/k)/((-6)/(-340)). Suppose m = g + 90. List the prime factors of m.
2, 79
Suppose 0 = 2*z + 9*y - 22620, -5*y + 4*y + 33930 = 3*z. List the prime factors of z.
2, 3, 5, 13, 29
Suppose 30*c + 26510 - 1020896 = -23*c. List the prime factors of c.
2, 3, 53, 59
Let p be ((-4)/5)/(3/15). Let k be (-1)/3 + 512/96. What are the prime factors of ((435/p)/k)/((-3)/12)?
3, 29
Suppose -2*g + 0 - 16 = -2*u, -5*g = u - 26. Let w be (9 - u)/((-2)/4). List the prime factors of -1*(w - 6 - 32).
2, 17
Let a(i) = 0*i**2 + 536*i - 534*i + 14*i**2 - 3*i**2 - 2*i**3. What are the prime factors of a(-6)?
2, 3, 17
Let t be 2/(-8) + 93/(-12). Let j be (-49)/(-4) - (-2)/t. Let u = j - -26. What are the prime factors of u?
2, 19
Let f = -9345 - -18552. List the prime factors of f.
3, 11, 31
List the prime factors of 40/((-30)/3) - -4113.
7, 587
Let p = 14647 - 4319. What are the prime factors of p?
2, 1291
Let o(c) = 9119*c + 7470. List the prime factors of o(6).
2, 3, 2591
Suppose -21*d + 997 = 115. Let u = d + 139. List the prime factors of u.
181
Suppose -22*v = -26*v + 1572. Let p = v + 237. Suppose -5*i + 1575 = 3*y, -2*y + p = 2*i - 6*y. What are the prime factors of i?
3, 5, 7
Suppose 0 = -3*v - t + 7, -8 = 4*v - 2*t - 24. Suppose -3*z + 423 = c - 6*z, -3*c - v*z + 1257 = 0. What are the prime factors of c?
2, 3, 5, 7
Let w(q) = -2*q**3 - 7*q**2 - 8*q - 3. Suppose 22 = 3*f - 5*i, -2*f + i = 4 - 14. Suppose 2*m + f = s, 7*s = -3*m + 4*s - 24. List the prime factors of w(m).
3, 5
Let a(l) = 4*l + 67. Let k be a(-16). Suppose -6*r = -11*r + k*s + 2119, 4*s = r - 434. List the prime factors of r.
2, 211
Let u = 76925 + -32420. What are the prime factors of u?
3, 5, 23, 43
List the prime factors of (8 + (-2)/(-1))*47635/70.
5, 1361
Let w(o) = 13*o**2 + 3*o - 6. Let r be (-1)/4 + (-425)/(-20). Let i = r - 24. What are the prime factors of w(i)?
2, 3, 17
Let u = -126 - -128. Suppose -5*c = 2*p - 23, -u*c - 2 = -3*c - 3*p. What are the prime factors of c?
5
Suppose -3*q + 87 = 3*o, -2*q - 2*q + o + 106 = 0. Let m = q + -34. Let b(a) = a**2 + 14. What are the prime factors of b(m)